7) to base 4.
-1321
101034 (base 5) to base 8
6305
Convert 11245 (base 9) to base 6.
54405
Convert 1043031 (base 5) to base 8.
44124
Convert 110100110 (base 2) to base 5.
3142
Convert 214113 (base 5) to base 8.
16360
-3611 (base 7) to base 3
-1211022
1320f (base 16) to base 4
103020033
What is -156b (base 13) in base 9?
-4258
8bb (base 13) to base 15
6a6
What is -461143 (base 7) in base 11?
-56718
Convert 1011001000111011 (base 2) to base 15.
d7bc
-586 (base 14) to base 10
-1098
What is -b9b1 (base 12) in base 10?
-20437
Convert -904 (base 10) to base 3.
-1020111
What is -80 (base 10) in base 4?
-1100
What is -204032 (base 7) in base 4?
-20203001
6544 (base 10) to base 5
202134
What is 1624 (base 12) in base 3?
10121001
Convert -32130 (base 6) to base 15.
-1469
What is 1333 (base 15) in base 14?
16ca
-121 (base 6) to base 5
-144
Convert -11288 (base 10) to base 13.
-51a4
What is -6a9 (base 11) in base 9?
-1138
What is 1001101011001 (base 2) in base 8?
11531
1295 (base 11) to base 3
2022010
Convert 3354 (base 6) to base 12.
55a
Convert 1313123 (base 4) to base 16.
1ddb
What is -bd6c (base 15) in base 8?
-116330
What is -294 (base 12) in base 16?
-190
Convert 4154 (base 7) to base 16.
5b4
What is 10111100110 (base 2) in base 14?
79c
1011110001100 (base 2) to base 15
1bbd
43a95 (base 11) to base 16
f97f
What is 3030312 (base 4) in base 13?
5c76
Convert -2122002 (base 3) to base 6.
-12515
-2223 (base 5) to base 13
-1b1
What is 1b145 (base 12) in base 15?
bc7b
-1027 (base 13) to base 15
-9da
What is 10000011111010 (base 2) in base 11?
6385
-328 (base 12) to base 5
-3324
What is 1214 (base 10) in base 14?
62a
-23301 (base 7) to base 6
-43403
What is -30142 (base 7) in base 8?
-16162
What is -2221020 (base 3) in base 11?
-1675
Convert 988 (base 13) to base 11.
1255
202211 (base 3) to base 7
1432
Convert -12811 (base 14) to base 6.
-550331
What is -1433 (base 9) in base 13?
-654
-1126 (base 7) to base 13
-259
What is 702 (base 15) in base 16?
629
Convert -3512 (base 7) to base 8.
-2403
What is 3270 (base 8) in base 11?
1324
-1000222 (base 3) to base 7
-2126
What is -21135 (base 7) in base 15?
-1830
Convert 1111000001 (base 2) to base 4.
33001
What is 3480 (base 11) in base 5?
121230
What is 1011001010 (base 2) in base 4?
23022
What is 336632 (base 7) in base 10?
59999
-11432 (base 6) to base 3
-2022002
Convert -33753 (base 8) to base 4.
-3133223
-111113103 (base 4) to base 14
-23c67
-6011 (base 9) to base 10
-4384
1636 (base 13) to base 7
12331
Convert 101781 (base 9) to base 13.
21667
-40343 (base 5) to base 15
-b83
What is -261a5 (base 11) in base 3?
-1220110001
What is -2d (base 14) in base 13?
-32
1175 (base 8) to base 16
27d
What is -13043 (base 5) in base 11?
-850
Convert 306 (base 14) to base 4.
21102
What is -310 (base 13) in base 9?
-637
4101 (base 5) to base 8
1016
What is -1243 (base 6) in base 12?
-223
13261 (base 8) to base 14
218d
Convert 253 (base 14) to base 3.
122020
2321200 (base 4) to base 8
27140
Convert -12121 (base 8) to base 15.
-181b
Convert -15634 (base 7) to base 9.
-6067
What is 3114 (base 7) in base 16?
441
122211 (base 3) to base 11
3a8
Convert 3250 (base 6) to base 4.
23232
Convert -2375 (base 12) to base 5.
-111402
-490 (base 11) to base 7
-1462
What is 2b9 (base 15) in base 7?
1551
Convert -11232 (base 5) to base 12.
-581
What is -140 (base 15) in base 5?
-2120
Convert -252 (base 7) to base 14.
-99
Convert 24c (base 14) to base 7.
1225
Convert -8591 (base 10) to base 12.
-4b7b
Convert -6008 (base 10) to base 16.
-1778
What is a05 (base 16) in base 3?
10112000
Convert 8608 (base 9) to base 2.
1100010110110
246 (base 11) to base 7
565
Convert d748 (base 14) to base 2.
1001000011110100
What is -88 (base 14) in base 4?
-1320
3695 (base 10) to base 7
13526
-2142 (base 11) to base 16
-b0d
Convert -2323103 (base 4) to base 11.
-9008
What is -6582 (base 12) in base 4?
-2232302
Convert 1667 (base 8) to base 16.
3b7
dbd (base 15) to base 16
c1f
Convert -137 (base 15) to base 6.
-1141
-4744 (base 9) to base 8
-6703
-312435 (base 6) to base 13
-b633
101010110010 (base 2) to base 10
2738
What is 10000110010000 (base 2) in base 15?
282c
Convert 111000110000100 (base 2) to base 13.
102c5
What is -2130 (base 5) in base 13?
-194
What is 30400 (base 6) in base 8?
7700
What is 654 (base 14) in base 2?
10011100010
What is 5223 (base 7) in base 3?
2111210
What is 281 (base 12) in base 15?
1aa
Convert 132 (base 7) to base 12.
60
9047 (base 14) to base 11
17669
Convert -a070 (base 11) to base 16.
-344b
Convert -272d (base 14) to base 8.
-15365
What is 2011102 (base 4) in base 14?
3174
1100021021 (base 3) to base 16
6748
Convert -344433 (base 5) to base 3.
-122010201
Convert -20221 (base 3) to base 9.
-227
156 (base 13) to base 4
3300
-244042 (base 6) to base 15
-661b
5904 (base 13) to base 10
12510
4523 (base 9) to base 3
11120210
-195 (base 11) to base 2
-11100001
What is 1212001222 (base 3) in base 9?
55058
4041130 (base 5) to base 13
23879
-436111 (base 7) to base 16
-12b02
-3c61 (base 15) to base 11
-9782
5343 (base 13) to base 4
2310123
-246 (base 8) to base 14
-bc
Convert 23153 (base 6) to base 12.
1ab9
What is 562 (base 12) in base 5?
11134
Convert -3020 (base 8) to base 12.
-a94
Convert -89 (base 15) to base 6.
-333
Convert -34 (base 7) to base 8.
-31
6125 (base 10) to base 2
1011111101101
68d (base 15) to base 4
113023
Convert -944 (base 11) to base 14.
-5b3
-202221012 (base 3) to base 10
-15260
-244200 (base 5) to base 3
-110202110
Convert -4811 (base 14) to base 5.
-400214
What is 44616 (base 7) in base 9?
16426
Convert 400454 (base 6) to base 10.
31282
Convert -1225540 (base 6) to base 5.
-4103314
-40300 (base 5) to base 11
-1a31
Convert 540 (base 12) to base 5.
11033
Convert -67 (base 8) to base 4.
-313
-6102 (base 9) to base 10
-4457
What is -32252 (base 6) in base 4?
-1011020
What is 3a23 (base 11) in base 12?
3038
Convert 1015 (base 7) to base 6.
1351
What is -2119a (base 12) in base 16?
-a9c6
Convert 761 (base 14) to base 2.
10110110001
Convert 1220202 (base 3) to base 6.
10245
What is -132520 (base 6) in base 7?
-50553
10321210 (base 4) to base 11
14094
What is -1044 (base 6) in base 14?
-136
-478 (base 11) to base 2
-1000111001
Convert 516426 (base 7) to base 15.
1b440
Convert -66142 (base 8) to base 9.
-42048
What is 1796 (base 13) in base 12?
203b
Convert 570 (base 10) to base 6.
2350
What is -16a0 (base 14) in base 11?
-3061
Convert 4b7b (base 16) to base 13.
8a45
Convert 1442 (base 7) to base 9.
702
2112 (base 8) to base 6
5030
What is 776 (base 10) in base 13?
479
Convert 417 (base 9) to base 14.
1a4
What is -111010011001 (base 2) in base 15?
-1192
-533 (base 12) to base 2
-1011110111
Convert -264 (base 9) to base 7.
-433
What is -1013323 (base 5) in base 14?
-613b
What is 12121 (base 5) in base 4?
32033
-a58 (base 14) to base 11
-1593
Convert 169c (base 13) to base 5.
101330
Convert 1110110010011 (base 2) to base 12.
446b
-226 (base 8) to base 12
-106
What is -2904 (base 14) in base 13?
-33c2
What is -17 (base 15) in base 2?
-10110
-1042 (base 5) to base 3
-12110
Convert -124000 (base 6) to base 2.
-10101111100000
Convert 5a26 (base 13) to base 14.
48b9
What is 1657 (base 10) in base 15?
757
-3ca8 (base 14) to base 12
-6264
30242 (base 5) to base 14
9d1
What is -21311 (base 5) in base 16?
-5b0
What is -4234 (base 6) in base 12?
-67a
Convert -342 (base 5) to base 15.
-67
27633 (base 12) to base 13
1ba41
3742 (base 9) to base 15
c62
What is -322 (base 6) in base 3?
-11112
What is -122010202 (base 3) in base 12?
-7292
Convert -2022 (base 4) to base 14.
-9c
What is 425 (base 13) in base 10?
707
Convert 175 (base 8) to base 16.
7d
What is -1030130 (base 6) in base 9?
-76360
What is -412 (base 8) in base 14?
-150
Convert -162 (base 12) to base 15.
-e8
Convert -3125 (base 6) to base 2.
-1010111101
Convert -110011100 (base 2) to base 6.
-1524
What is -3121031 (base 4) in base 7?
-55346
-8d15 (base 14) to base 11
-17470
Convert -66c (base 13) to base 6.
-5040
Convert 6450 (base 8) to base 14.
1328
Convert -10000100011010 (base 2) to base 9.
-12555
What is -3cab (base 13) in base 10?
-8760
What is -243302 (base 5) in base 9?
-13554
-4433 (base 5) to base 4
-21222
Convert -1478 (base 15) to base 4.
-1010210
What is -1112010